0?
-79a
In base 16, what is 5 - -7?
c
In base 14, what is -17a3 - -1?
-17a2
In base 13, what is -2 + 199a?
1998
In base 12, what is -1443 - 0?
-1443
In base 11, what is 4 - -327?
330
In base 4, what is 30 - -103?
133
In base 4, what is 333 + 1?
1000
In base 13, what is 1 - 213?
-212
In base 7, what is 3 - 55?
-52
In base 11, what is -55 + 13?
-42
In base 16, what is 185 + e?
193
In base 2, what is 110 - -101?
1011
In base 3, what is -1 - -22221?
22220
In base 5, what is -12 + -13?
-30
In base 8, what is 4 + -253?
-247
In base 9, what is 2 - 425?
-423
In base 6, what is -12351 - -1?
-12350
In base 5, what is 20 - 2234?
-2214
In base 7, what is 245510 + -1?
245506
In base 8, what is -537 + 43?
-474
In base 15, what is -4 + 162?
15d
In base 4, what is 31 - -202?
233
In base 10, what is -5 - 181?
-186
In base 9, what is -142 - 0?
-142
In base 11, what is 443 - -5?
448
In base 13, what is 2944 - -2?
2946
In base 3, what is 101121 + -2?
101112
In base 15, what is -45c + 0?
-45c
In base 10, what is 2426 + 3?
2429
In base 8, what is -7 - -1?
-6
In base 9, what is -64 + 3?
-61
In base 14, what is 5 - 11cd?
-11c8
In base 16, what is 9a8 - 5?
9a3
In base 16, what is 854 - -1?
855
In base 8, what is -47 + 55?
6
In base 13, what is 0 - -51?
51
In base 6, what is -11304 - 5?
-11313
In base 6, what is -3 - 1325?
-1332
In base 8, what is -10777 + 5?
-10772
In base 4, what is 0 - -122?
122
In base 3, what is 1101 + 20202?
22010
In base 15, what is -19b - 5?
-1a1
In base 2, what is 11011 + 11001110?
11101001
In base 16, what is 0 - -179?
179
In base 9, what is 76 - -2?
78
In base 5, what is 2 - 432?
-430
In base 14, what is 1b + -31?
-14
In base 10, what is 36 - 5?
31
In base 16, what is -f + 8?
-7
In base 8, what is -220 - -1?
-217
In base 8, what is 1567 - 4?
1563
In base 4, what is 2121 - -3?
2130
In base 5, what is 334 - -222?
1111
In base 2, what is -10 - 101011111?
-101100001
In base 3, what is 21 - -1001?
1022
In base 8, what is 0 + -14?
-14
In base 2, what is 1 - 100001000?
-100000111
In base 8, what is 0 - -4225?
4225
In base 15, what is -2 + -6c?
-6e
In base 16, what is 3 + bd?
c0
In base 4, what is 31 + -131?
-100
In base 5, what is -131 + 10?
-121
In base 16, what is b + 5f?
6a
In base 4, what is -111012 + -2?
-111020
In base 6, what is -101 + -221?
-322
In base 10, what is 2 + -3197?
-3195
In base 4, what is -1113 - -2?
-1111
In base 11, what is -24 - -76?
52
In base 10, what is 212 - -3?
215
In base 2, what is 10011 + 0?
10011
In base 13, what is -3 - 35c?
-362
In base 14, what is 397 - -1?
398
In base 12, what is 2 + -4b4?
-4b2
In base 16, what is 9 + dd?
e6
In base 2, what is -1 - 101?
-110
In base 4, what is -131221 - 101?
-131322
In base 7, what is -151 + -2?
-153
In base 14, what is 464 - -5?
469
In base 6, what is 132 - -150?
322
In base 7, what is 566 + -43?
523
In base 6, what is -1 + 24?
23
In base 5, what is 40 - 143?
-103
In base 13, what is -3 - -37?
34
In base 9, what is 5 - 2251?
-2245
In base 6, what is 2 + 125?
131
In base 10, what is -3 + -116?
-119
In base 7, what is -3 - 166?
-202
In base 16, what is -5 + 4?
-1
In base 2, what is -1100 - -10110?
1010
In base 15, what is 5 + 63?
68
In base 10, what is 14 + 917?
931
In base 5, what is 114 - -2031?
2200
In base 12, what is -4 - 55?
-59
In base 14, what is 0 + -34?
-34
In base 8, what is -70 + -4?
-74
In base 11, what is 13 + -2?
11
In base 9, what is 10505 + 3?
10508
In base 6, what is 13 + -1212?
-1155
In base 15, what is -114c - 0?
-114c
In base 12, what is 2 + -1b8?
-1b6
In base 14, what is -4 + 1a?
16
In base 8, what is -12 + -42?
-54
In base 6, what is 1355 + 50?
1445
In base 8, what is 10 - -14?
24
In base 6, what is -30 - 41?
-111
In base 15, what is 48b - -4?
490
In base 15, what is -1185 + -5?
-118a
In base 4, what is -233 - -132?
-101
In base 3, what is -2 - 120211?
-120220
In base 6, what is -130 + 1?
-125
In base 10, what is -46 + -4?
-50
In base 15, what is 2576 - -5?
257b
In base 4, what is -11 - -102?
31
In base 6, what is 1150 - 10?
1140
In base 4, what is -1 + 102?
101
In base 15, what is -4 + -13?
-17
In base 12, what is -5 + -93?
-98
In base 12, what is -34 - 3?
-37
In base 16, what is 2a + -1?
29
In base 10, what is 109 - -5?
114
In base 11, what is 8 + 28?
35
In base 12, what is 5 + 370?
375
In base 6, what is -31101 - -5?
-31052
In base 15, what is -126 + -30?
-156
In base 4, what is 1021 + 1113?
2200
In base 7, what is -20 - -12?
-5
In base 5, what is -2 - 1230?
-1232
In base 8, what is 15 - -3?
20
In base 13, what is -5 - -1b4?
1ac
In base 8, what is -472 + -2?
-474
In base 7, what is -352 + -3?
-355
In base 14, what is 3 - d70?
-d6b
In base 10, what is 103 - 24?
79
In base 8, what is 43 + -1?
42
In base 3, what is -11 - 20?
-101
In base 9, what is 3 + 183?
186
In base 13, what is -181 - -13?
-16b
In base 3, what is 1101201 - -10?
1101211
In base 8, what is 0 - -6?
6
In base 10, what is -1 + -1025?
-1026
In base 2, what is -110100001 - -10000?
-110010001
In base 8, what is -1074 + -16?
-1112
In base 16, what is -1b - 2f?
-4a
In base 7, what is -40 + -132?
-202
In base 14, what is a4 + 24?
c8
In base 6, what is 3113 - 42?
3031
In base 4, what is -1013 - 11?
-1030
In base 12, what is -8 + 1b?
13
In base 8, what is 15 + 671?
706
In base 4, what is 10 - 10330?
-10320
In base 14, what is 254 - 2?
252
In base 15, what is -113 - 0?
-113
In base 5, what is -14 + -231?
-300
In base 7, what is -10 + -263?
-303
In base 15, what is 147 + 0?
147
In base 5, what is -4 - 2?
-11
In base 16, what is -11b4 + 5?
-11af
In base 6, what is 2 - 120?
-114
In base 11, what is -4a - -3?
-47
In base 4, what is 1 + -3000?
-2333
In base 5, what is -2 - 14?
-21
In base 5, what is -121 - 133?
-304
In base 6, what is -11 - -12?
1
In base 10, what is 1630 - 2?
1628
In base 6, what is -3211 + -1?
-3212
In base 8, what is -2 + 13?
11
In base 12, what is 46 - -12?
58
In base 13, what is -5 - -15?
10
In base 15, what is 2b - 26?
5
In base 12, what is b7 - 2?
b5
In base 11, what is 1a - 4?
16
In base 5, what is 22 - 1340?
-1313
In base 8, what is 104 - -12?
116
In base 13, what is -149a - 4?
-14a1
In base 16, what is 349 - 3?
346
In base 3, what is 10 - 12001?
-11221
In base 16, what is -7 - -35e?
357
In base 7, what is -3 - 1?
-4
In base 10, what is 96 - 21?
75
In base 3, what is 12101 + -12?
12012
In base 16, what is -8 - -2b?
23
In base 9, what is -6167 + 5?
-6162
In base 8, what is -211 - -130?
-61
In base 2, what is -10111000 - 11111?
-11010111
In base 10, what is -7 + 5?
-2
In base 6, what is -3003 + 0?
-3003
In base 14, what is 8 - 18?
-10
In base 6, what is 42 - -15?
101
In base 4, what is 12 + 13201?
13213
In base 11, what is 24 + -2?
22
In base 11, what is -11 - -349?
338
In base 7, what is -523 + 32?
-461
In base 3, what is 110221 - 1?
110220
In base 8, what is 4 + 1137?
1143
In base 14, what is -3 + -253c?
-2541
In base 4, what is 0 + -123?
-123
In base 9, what is -460 - -1?
-458
In base 14, what is 8 - 4a?
-42
In base 13, what is -66 + -1?
-67
In base 13, what is -22c0 + -2?
-22c2
In base 2, what is -10 + 1001001?
1000111
In base 9, what is -1 - -26?
25
In base 16, what is 1 - -b?
c
In base 14, what is -5 - 15?
-1a
In base 16, what is 1 + 40?
41
In base 12, what is 576 + 13?
589
In base 2, what is -10100011 + 101?
-10011110
In base 16, what is 98c - 3?
989
In base 7, what is 4 - -2222?
2226
In base 3, what is 20 + 1020?
1110
In base 12, what is 2 + -2b?
-29
In base 2, what is -1011 + -11?
-1110
In base 11, what is 12 + -2a?
-18
In base 16, what is f1 - -1?
f2
In base 14, what is 332 + 5?
337
In base 4, what is -12 + 30110?
30032
In base 9, what is -304 + 0?
-304
In base 15, what is -2 + d33?
d31
In base 3, what is -1020 - -110?
-210
In base 15, what is -1b + 6d?
52
In base 2, what is 101 + -1101000?
-1100011
In base 5, what is 3 + 1123?
1131
In base 14, what is -58c - 4?
-592
In base 12, what is -1 - -62?
61
In base 4, what is -101 + -22?
-123
In base 13, what is 1027 + 4?
102b
In base 3, what is -11111201 - 10?
-11111211
In base 10, what is 18 + -3?
15
In base 2, what is 1000 + -1100?
-100
In base 10, what is 231 - -7?
238
In base 15, what is -28 - 122?
-14a
In base 13, what is 5 + 4?
9
In base 14, what is -3 - -254?
251
In base 16, what is 12 - 59?
-47
In base 12, what is 1 -